{"id":89,"date":"2019-11-04T18:02:48","date_gmt":"2019-11-04T17:02:48","guid":{"rendered":"http:\/\/armellegenuit-naturopathe.fr\/?page_id=89"},"modified":"2022-01-04T12:47:10","modified_gmt":"2022-01-04T11:47:10","slug":"naturopathie","status":"publish","type":"page","link":"https:\/\/armellegenuit-naturopathe.fr\/index.php\/naturopathie\/","title":{"rendered":"NATUROPATHIE"},"content":{"rendered":"\n<h4 class=\"wp-block-heading\"> La naturopathie c\u2019est l\u2019art de chercher et d\u2019acqu\u00e9rir son \u00e9quilibre personnel. Elle s\u2019attache \u00e0 aller chercher la cause profonde d\u2019une probl\u00e9matique, pour r\u00e9\u00e9quilibrer l\u2019organisme. <\/h4>\n\n\n\n<div class=\"wp-block-image\"><figure class=\"aligncenter\"><img loading=\"lazy\" decoding=\"async\" width=\"1024\" height=\"707\" src=\"http:\/\/armellegenuit-naturopathe.fr\/wp-content\/uploads\/2019\/11\/ocean_-1024x707.jpg\" alt=\"\" class=\"wp-image-90\" srcset=\"https:\/\/armellegenuit-naturopathe.fr\/wp-content\/uploads\/2019\/11\/ocean_-1024x707.jpg 1024w, https:\/\/armellegenuit-naturopathe.fr\/wp-content\/uploads\/2019\/11\/ocean_-300x207.jpg 300w, https:\/\/armellegenuit-naturopathe.fr\/wp-content\/uploads\/2019\/11\/ocean_-768x530.jpg 768w, https:\/\/armellegenuit-naturopathe.fr\/wp-content\/uploads\/2019\/11\/ocean_.jpg 1080w\" sizes=\"auto, (max-width: 1024px) 100vw, 1024px\" \/><\/figure><\/div>\n\n\n\n<p> Class\u00e9e comme 3<sup>\u00e8me<\/sup> m\u00e9decine traditionnelle, par L\u2019OMS*, la naturopathie a pour mission de <strong>pr\u00e9venir la maladie<\/strong>, de conserver ou d\u2019<strong>optimiser la sant\u00e9<\/strong>, par un mode de vie plus sain.<br> Issue d\u2019une tradition mill\u00e9naire, elle remonte \u00e0 plusieurs centaines  d\u2019ann\u00e9es avant J.C o\u00f9 Hippocrate p\u00e8re fondateur de la m\u00e9decine traditionnelle occidentale en posa les bases. La naturopathie est notre  m\u00e9decine traditionnelle Europ\u00e9enne, tout comme l\u2019Ayurv\u00e9da en Inde et la M\u00e9decine Traditionnelle Chinoise en Extr\u00eame Orient.<br>La naturopathie contribue ainsi \u00e0 la promotion d\u2019une sant\u00e9 globale et  durable, qui ne se substitue jamais \u00e0 la m\u00e9decine conventionnelle** mais  la compl\u00e8te, elle s\u2019inscrit en parfaite compl\u00e9mentarit\u00e9 avec les autres  pratiques sanitaires, m\u00e9dicales et\/ou param\u00e9dicales.<br><br><strong>Les techniques utilis\u00e9es :<\/strong> conseils alimentaires, gestion du stress, activit\u00e9s physiques, et respiratoires, hydrologie, r\u00e9flexologie, massages\u2026. <\/p>\n\n\n\n<p><\/p>\n\n\n\n<figure class=\"wp-block-image\"><img loading=\"lazy\" decoding=\"async\" width=\"1024\" height=\"768\" src=\"http:\/\/armellegenuit-naturopathe.fr\/wp-content\/uploads\/2019\/11\/randonneurs-1024x768.jpg\" alt=\"\" class=\"wp-image-91\" srcset=\"https:\/\/armellegenuit-naturopathe.fr\/wp-content\/uploads\/2019\/11\/randonneurs-1024x768.jpg 1024w, https:\/\/armellegenuit-naturopathe.fr\/wp-content\/uploads\/2019\/11\/randonneurs-300x225.jpg 300w, https:\/\/armellegenuit-naturopathe.fr\/wp-content\/uploads\/2019\/11\/randonneurs-768x576.jpg 768w\" sizes=\"auto, (max-width: 1024px) 100vw, 1024px\" \/><\/figure>\n\n\n\n<h4 class=\"wp-block-heading\">POUR QUI? <\/h4>\n\n\n\n<p><strong>La naturopathie s\u2019adresse \u00e0 tous et toutes, \u00e0 tous les \u00e2ges de la vie<\/strong>: femmes, hommes, b\u00e9b\u00e9s, enfants, personnes \u00e2g\u00e9es\u2026. Et elle est particuli\u00e8rement adapt\u00e9e aux \u00ab grands moments \u00bb de la vie : conception, grossesse, post-grossesse, allaitement, pubert\u00e9, m\u00e9nopause, andropause, comp\u00e9tition, examen, transition de vie (professionnelle ou personnelle)\u2026<\/p>\n\n\n\n<h4 class=\"wp-block-heading\">POUR QUOI?<\/h4>\n\n\n\n<ul class=\"wp-block-list\"><li><strong>En pr\u00e9vention<\/strong>, pour optimiser votre sant\u00e9 sur le long terme, booster vos d\u00e9fenses naturelles et palier aux \u00e9ventuelles carences ou surcharges.  Pr\u00e9venir les \u00e9ventuels troubles li\u00e9s \u00e0 l\u2019h\u00e9r\u00e9dit\u00e9, l\u2019\u00e2ge, l\u2019environnement. <\/li><li><strong>Pour \u00eatre bien dans \u00ab vos baskets \u00bb<\/strong> : retrouver l&rsquo;\u00e9quilibre, l&rsquo;\u00e9nergie, r\u00e9guler votre poids, vos \u00e9motions et mieux vous adapter au stress, booster vos capacit\u00e9s intellectuelles et physiques&#8230;<\/li><li><strong>Accompagner les p\u00e9riodes charni\u00e8res<\/strong> : concours, examens, reconversions professionnelles, r\u00e9orientation de vie personnelle&#8230;<\/li><li><strong>En cas de troubles ponctuels ou chroniques<\/strong> : digestifs (transit acc\u00e9l\u00e9r\u00e9 ou ralenti, intestins sensibles,  ballonnements, intol\u00e9rances alimentaires, estomac irrit\u00e9\u2026), de peau (acn\u00e9, ecz\u00e9ma, psoriasis,\u2026), de circulation, de respiration, de sommeil, de bouleversements hormonaux, troubles ORL, douleurs articulaires \u2026<\/li><li><strong>En compl\u00e9ment de la m\u00e9decine conventionnelle<\/strong> : pour r\u00e9duire les effets secondaires des traitements lourds.<\/li><\/ul>\n\n\n\n<p class=\"has-small-font-size\">  * Cf. Conf\u00e9rence d\u2019Alma Alta 12 septembre 1978 <br>*<em>*Le\/la naturopathe travaille toujours en collaboration avec la m\u00e9decine allopathique, notamment parce qu\u2019en naturopathie il n\u2019y a pas de notion d\u2019urgence, ni de traitement, ni m\u00eame de diagnostic ou de prescription. En aucun cas les informations et renseignements diffus\u00e9s par votre naturopathe ne constituent une incitation \u00e0 quitter la m\u00e9decine conventionnelle ou \u00e0 arr\u00eater un traitement quelconque. La feuille de conseils donn\u00e9e \u00e0 la fin de la consultation, n\u2019est pas une ordonnance et ne se substitue pas au traitement prescrit par le m\u00e9decin. Les produits conseill\u00e9s sont des compl\u00e9ments alimentaires et non pas des m\u00e9dicaments, et ne peuvent pas les remplacer, ni \u00eatre sujets \u00e0 remboursement par la S\u00e9curit\u00e9 Sociale.<\/em><\/p>\n","protected":false},"excerpt":{"rendered":"<p>La naturopathie c\u2019est l\u2019art de chercher et d\u2019acqu\u00e9rir son \u00e9quilibre personnel. Elle s\u2019attache \u00e0 aller chercher la cause profonde d\u2019une probl\u00e9matique, pour r\u00e9\u00e9quilibrer l\u2019organisme. Class\u00e9e comme 3\u00e8me m\u00e9decine traditionnelle, par L\u2019OMS*, la naturopathie a pour mission de pr\u00e9venir la maladie, de conserver ou d\u2019optimiser la sant\u00e9, par un mode de [&hellip;]<\/p>\n","protected":false},"author":1,"featured_media":0,"parent":0,"menu_order":0,"comment_status":"closed","ping_status":"closed","template":"","meta":{"footnotes":""},"class_list":["post-89","page","type-page","status-publish","hentry"],"_links":{"self":[{"href":"https:\/\/armellegenuit-naturopathe.fr\/index.php\/wp-json\/wp\/v2\/pages\/89","targetHints":{"allow":["GET"]}}],"collection":[{"href":"https:\/\/armellegenuit-naturopathe.fr\/index.php\/wp-json\/wp\/v2\/pages"}],"about":[{"href":"https:\/\/armellegenuit-naturopathe.fr\/index.php\/wp-json\/wp\/v2\/types\/page"}],"author":[{"embeddable":true,"href":"https:\/\/armellegenuit-naturopathe.fr\/index.php\/wp-json\/wp\/v2\/users\/1"}],"replies":[{"embeddable":true,"href":"https:\/\/armellegenuit-naturopathe.fr\/index.php\/wp-json\/wp\/v2\/comments?post=89"}],"version-history":[{"count":18,"href":"https:\/\/armellegenuit-naturopathe.fr\/index.php\/wp-json\/wp\/v2\/pages\/89\/revisions"}],"predecessor-version":[{"id":418,"href":"https:\/\/armellegenuit-naturopathe.fr\/index.php\/wp-json\/wp\/v2\/pages\/89\/revisions\/418"}],"wp:attachment":[{"href":"https:\/\/armellegenuit-naturopathe.fr\/index.php\/wp-json\/wp\/v2\/media?parent=89"}],"curies":[{"name":"wp","href":"https:\/\/api.w.org\/{rel}","templated":true}]}}